{"id":20,"date":"2017-06-08T15:01:00","date_gmt":"2017-06-08T13:01:00","guid":{"rendered":"https:\/\/iesoreynodenavarra.educacion.navarra.es\/web1\/?page_id=20"},"modified":"2019-03-27T11:10:14","modified_gmt":"2019-03-27T10:10:14","slug":"segunda-pagina","status":"publish","type":"page","link":"https:\/\/iesoreynodenavarra.educacion.navarra.es\/web1\/segunda-pagina\/","title":{"rendered":"Qui\u00e9nes somos"},"content":{"rendered":"<p align=\"JUSTIFY\"><span style=\"color: #333333;\"><span style=\"font-family: Arial, sans-serif;\"><span style=\"font-size: small;\">Nuestro Centro naci\u00f3 el 1 de septiembre de 1995. El Departamento de Educaci\u00f3n del Gobierno de Navarra, en aplicaci\u00f3n de la LOGSE, decidi\u00f3 que en Azagra se creara un Instituto de Educaci\u00f3n Secundaria Obligatoria. Esta etapa educativa acoge a chicos y chicas de 12 a 16 a\u00f1os porque la escolarizaci\u00f3n obligatoria pas\u00f3, con esta ley, de los 14 a los 16 a\u00f1os. Lo ubicaron en el edificio que ya ocupaba el CP \u201cFrancisco Arbeloa\u201d, llevando a cabo una ampliaci\u00f3n de espacios, valorados, en aquel momento, en unos setenta y dos millones de las antiguas pesetas. En un principio no tuvo nombre concreto sino que, gen\u00e9ricamente, se le llam\u00f3 Instituto de Educaci\u00f3n Secundaria de Azagra. En <b>junio de 2010<\/b>, tras llevar a cabo los pasos que propone el Decreto Foral 27\/1997 de 10 de febrero, <b>fue denominado I.E.S.O. \u201c Reyno de Navarra\u201d.<\/b><\/span><\/span><\/span><!--more--><\/p>\n<p align=\"JUSTIFY\"><span style=\"color: #333333;\"><span style=\"font-family: Arial, sans-serif;\"><span style=\"font-size: small;\">En la actualidad <b>imparte estudios de 1\u00ba a 4\u00ba de ESO. Desde 1998 hasta 2015 estuvo vigente un Programa de Cualificaci\u00f3n Profesional Inicial (PCPI) de Electromec\u00e1nica<\/b>, cuyos integrantes ten\u00edan entre 16 y 21 a\u00f1os. La aplicaci\u00f3n de la LOMCE acab\u00f3 con el mismo. Nuestro alumnado procede, b\u00e1sicamente, de Azagra, en lo referente a ESO y de toda la comarca (Lodosa, Carcar, Andosilla, S. Adri\u00e1n, Milagro, Cadreita y Peralta) en lo que ata\u00f1\u00eda al PCPI de electromec\u00e1nica.<\/span><\/span><\/span><\/p>\n<p align=\"JUSTIFY\"><span style=\"color: #333333;\"><span style=\"font-family: Arial, sans-serif;\"><span style=\"font-size: small;\">Desde su creaci\u00f3n se han sucedido cuatro equipos directivos con el mismo director (Jes\u00fas Garc\u00eda Garraza) y en el primero de ellos, se integraron Juan Jes\u00fas Mart\u00ednez Moreno (Jefe de Estudios ) Juan Jes\u00fas Gurrea Amatria (Secretario); en el segundo, Jes\u00fas Sola Aranda (Jefe de Estudios), Juan Jes\u00fas Gurrea Amatria (Secretario); en el tercero Jes\u00fas Sola Aranda (Jefe de Estudios), Mar\u00eda del Mar Gonzalo Casado (Secretaria); en el cuarto, David Herrero Ochoa (Jefe de Estudios) y Maria del Mar Gonzalo Casado (Secretaria). Hoy, el equipo directivo est\u00e1 formado por Mar\u00eda del Mar Gonzalo Casado( Directora), David Herrero Ochoa ( Jefe de Estudios) y David P\u00e9rez Fern\u00e1ndez ( Secretario).<\/span><\/span><\/span><\/p>\n<p align=\"JUSTIFY\"><span style=\"color: #333333;\"><span style=\"font-family: Arial, sans-serif;\"><span style=\"font-size: small;\">Se caracteriza, b\u00e1sicamente, por la <b>atenci\u00f3n personalizada al alumnado y familias<\/b>, por la <b>estrecha relaci\u00f3n <\/b>de todos los integrantes del proceso educativo de nuestros escolares (Ayuntamiento, empresas, ONGs,\u2026), y por el <b>dinamismo <\/b>del profesorado, traducido en <b>proyectos de innovaci\u00f3n<\/b>, <b>programa de calidad educativa<\/b>, biling\u00fcismo, Escuela de Idiomas (franc\u00e9s e ingl\u00e9s), intercambios escolares, igualdad de g\u00e9nero, radio escolar, revista, LaborESO, TribuCAN\u2026<span style=\"color: #000000;\">Nuestro instituto tiene como objetivo principal la formaci\u00f3n de personas en los valores emanados de los Derechos Humanos, en el respeto, la tolerancia, la solidaridad, la justicia y la libertad. Queremos que nuestro alumnado consiga los aprendizajes cient\u00edficos que les permitan alcanzar las competencias necesarias para desenvolverse, con garant\u00edas de \u00e9xito, en su vida laboral y personal. Estamos convencidos de que, en este mundo global, el aprendizaje de idiomas es muy importante. Es la raz\u00f3n por la que apostamos por su conocimiento como elemento imprescindible para el entendimiento entre las diferentes culturas y gentes que habitan nuestro planeta.<\/span><\/span><\/span><\/span><\/p>\n<p align=\"JUSTIFY\"><span style=\"color: #333333;\"><span style=\"font-family: Arial, sans-serif;\"><span style=\"font-size: small;\">Mencionar el esfuerzo del Ayuntamiento de Azagra para que se hiciera realidad la creaci\u00f3n de nuestro instituto, en especial de su alcalde en 1995, D. Basilio S\u00e1nchez Lasheras, y la buena sinton\u00eda reinante, en todo momento, entre ambas instituciones. Destacar la disponibilidad de Vicente Gurrea Castillo, presidente de la APYMA hasta 2008 y su trabajo en pos de nuestra causa, as\u00ed como el de todos los padres y madres que han formado parte del Consejo Escolar del centro. Agradecer el trabajo de tanto profesor\/a que ha trabajado en nuestro Centro, mencionando de modo especial a quienes, con su continuidad y esfuerzo, han hecho de esta su segunda casa (Ra\u00fal Gil, Esther Salvador, Alfredo Salinas, Andr\u00e9s Pulido, Rosi Jim\u00e9nez, Julia L\u00f3pez), as\u00ed como del personal no docente (Olga Amatriain Sarasa, Teresa Justino, Jos\u00e9 Luis Navarro Berisa y Joaqu\u00edn Erice Gainza).<\/span><\/span><\/span><\/p>\n<p align=\"JUSTIFY\"><span style=\"color: #333333;\"><span style=\"font-family: Arial, sans-serif;\"><span style=\"font-size: small;\">Jes\u00fas Garc\u00eda Garraza.<\/span><\/span><\/span><\/p>\n","protected":false},"excerpt":{"rendered":"<p>Nuestro Centro naci\u00f3 el 1 de septiembre de 1995. El Departamento de Educaci\u00f3n del Gobierno de Navarra, en aplicaci\u00f3n de la LOGSE, decidi\u00f3 que en Azagra se creara un Instituto de Educaci\u00f3n Secundaria Obligatoria. Esta etapa educativa acoge a chicos y chicas de 12 a 16 a\u00f1os porque la escolarizaci\u00f3n obligatoria pas\u00f3, con esta ley, &hellip; <a href=\"https:\/\/iesoreynodenavarra.educacion.navarra.es\/web1\/segunda-pagina\/\" class=\"more-link\">Seguir leyendo <span class=\"screen-reader-text\">Qui\u00e9nes somos<\/span> <span class=\"meta-nav\">&rarr;<\/span><\/a><\/p>\n","protected":false},"author":1,"featured_media":0,"parent":0,"menu_order":0,"comment_status":"closed","ping_status":"closed","template":"","meta":[],"_links":{"self":[{"href":"https:\/\/iesoreynodenavarra.educacion.navarra.es\/web1\/wp-json\/wp\/v2\/pages\/20"}],"collection":[{"href":"https:\/\/iesoreynodenavarra.educacion.navarra.es\/web1\/wp-json\/wp\/v2\/pages"}],"about":[{"href":"https:\/\/iesoreynodenavarra.educacion.navarra.es\/web1\/wp-json\/wp\/v2\/types\/page"}],"author":[{"embeddable":true,"href":"https:\/\/iesoreynodenavarra.educacion.navarra.es\/web1\/wp-json\/wp\/v2\/users\/1"}],"replies":[{"embeddable":true,"href":"https:\/\/iesoreynodenavarra.educacion.navarra.es\/web1\/wp-json\/wp\/v2\/comments?post=20"}],"version-history":[{"count":17,"href":"https:\/\/iesoreynodenavarra.educacion.navarra.es\/web1\/wp-json\/wp\/v2\/pages\/20\/revisions"}],"predecessor-version":[{"id":612,"href":"https:\/\/iesoreynodenavarra.educacion.navarra.es\/web1\/wp-json\/wp\/v2\/pages\/20\/revisions\/612"}],"wp:attachment":[{"href":"https:\/\/iesoreynodenavarra.educacion.navarra.es\/web1\/wp-json\/wp\/v2\/media?parent=20"}],"curies":[{"name":"wp","href":"https:\/\/api.w.org\/{rel}","templated":true}]}}